37 + 10 = -5*s. Is c a multiple of 14?
False
Does 8 divide ((-15)/(-10))/((-730)/244 - -3)?
False
Let w(j) be the second derivative of j**5/6 - j**4/8 - j**3/3 + 5*j**2/2 + 7*j. Let k(c) be the first derivative of w(c). Is k(-2) a multiple of 12?
False
Let j = -38 + 38. Suppose j = -0*b + 3*b - 60. Is b a multiple of 4?
True
Let d(a) be the third derivative of -19*a**4/24 + 4*a**3/3 - 11*a**2. Let g be d(4). Let h = -20 - g. Does 12 divide h?
True
Suppose r - l = 2*r - 3, 6 = 2*r + 3*l. Suppose 0 = -r*j + 2*j. Suppose f - 2 = -j*f. Does 2 divide f?
True
Let v(r) = -25*r + 179. Let f be v(7). Suppose 12 = -k - 3*h - 2*h, 36 = -3*k + 3*h. Let u = f - k. Is 11 a factor of u?
False
Suppose -5*t + 3*t + 36 = 0. Suppose 0 = -13*i + t*i - 555. Is 15 a factor of i?
False
Suppose 4*i = 3*i. Suppose i*k - 282 = -6*k. Does 19 divide k?
False
Suppose 0 = -5*g - 8 + 18. Does 17 divide (63/(-6) + g)*-6?
True
Suppose 3*m + 10 = -4*n, -4*m - 10 = 2*n - 5*m. Is 9*(6 + n) - -4 a multiple of 5?
False
Let f(g) = -g**2 + 5*g + 10. Let w be f(6). Suppose 0 = -2*n - 5*d + 34, -n + w*d = -20 + 3. Let u = 77 - n. Is u a multiple of 12?
True
Let s be 0 + (-3 - (-24)/3). Suppose -s*x + 5*z = 4*z + 19, -5*x = 4*z + 24. Let h = 7 + x. Does 2 divide h?
False
Let s = -76 - -752. Does 77 divide s?
False
Is 90 a factor of (-3)/(-4) - (-113157)/36?
False
Let k(v) = -v**3 - 6*v**2 - 4*v + 11. Let b be k(-6). Suppose 3*h - 5*d - 96 = -b, 4*h = -2*d + 90. Is h a multiple of 11?
True
Suppose 2*g - 477 + 153 = 0. Is g a multiple of 6?
True
Let z = -75 - -99. Suppose -5*p + 259 = z. Does 9 divide p?
False
Let y(a) = 75*a**2 + 1. Let s be y(-1). Let d be 2/10 + 63/(-15). Is 4 a factor of (-2)/(2*d/s)?
False
Let r(a) be the first derivative of 5*a**2 - 25*a + 37. Is r(8) a multiple of 5?
True
Let f = -50 + 106. Is f a multiple of 4?
True
Let x be 77 - -3*2/(-3). Let a be 5070/x - (-2)/5. Let z = a - 24. Does 22 divide z?
True
Suppose -2*b - 3*z + 1672 = -0*b, -5*z + 2508 = 3*b. Is 11 a factor of b?
True
Let u(o) = -o**3 - 21*o**2 + 18*o - 72. Does 8 divide u(-22)?
True
Let f be (8/(-5))/((-2)/5). Suppose 0 = 5*r - 6 - f. Let m = 6 + r. Is 4 a factor of m?
True
Let i be (2/5)/(((-54)/120)/(-9)). Let n(s) = s**3 - 8*s**2 + 10*s - 8. Is 18 a factor of n(i)?
True
Is (-2 + 4 + 26)*1430/40 a multiple of 77?
True
Let g(v) = -4*v + 57. Is g(-12) a multiple of 21?
True
Let m(c) = 13*c - 18. Let j be (-60)/(-14) - 48/168. Is m(j) a multiple of 28?
False
Let x(t) = -t**2 + 8*t. Let g be x(8). Suppose 1 - 5 = -2*v. Suppose -i - 3*q + 3 + 2 = 0, g = 3*i + v*q - 36. Does 3 divide i?
False
Let o(s) = -s - 4. Let u(d) = -d**3 - 2*d - 8. Let x(y) = 5*o(y) - 2*u(y). Let v be x(4). Suppose 0 = 3*t + 2*t - v. Does 24 divide t?
True
Suppose g = 4, 0 = 5*k + 5*g - g - 1551. Does 23 divide k?
False
Let v be 3/((-3)/2)*-1. Suppose 0 = -5*z - v*t - 0*t + 33, -25 = -z - 5*t. Suppose -4*w + 127 = 5*r, 3*r - 55 = z*w + 36. Does 20 divide r?
False
Let m(s) = 2*s**3 - 43*s**2 + 18*s + 11. Is 7 a factor of m(23)?
False
Suppose n + 3*n = 16. Let a = 28 + n. Is a a multiple of 4?
True
Is 25 a factor of 4/(-1) - (4 + -948 + -11)?
False
Suppose -5*p + 4*m + 11 = 0, -2*m + 6 = -5*p + 19. Let u(a) = a**2 - 4*a + 4. Let i be u(3). Is 27 a factor of 54 - -2 - (p - i)?
True
Let d(r) = -6*r**3 - 4*r**2 + 9*r + 24. Is 36 a factor of d(-3)?
False
Let o = -4 - -63. Let m = 76 + o. Is 17 a factor of m?
False
Let o = 1155 + -328. Is 14 a factor of o?
False
Let a(h) be the second derivative of -h**4/12 - h**3/6 - 15*h**2/2 + 6*h. Let g be a(14). Let c = -137 - g. Does 23 divide c?
False
Let g(x) = 2*x - 8. Let l be g(6). Suppose 4*y - 20 - l = 0. Does 40 divide 834/21 - y/(-21)?
True
Suppose -4*i + 10 = t, t = i + 5 - 0. Let b be (t/4)/((-2)/12). Let v = b - -12. Is 2 a factor of v?
False
Let r be (104 - (-3 - -7)) + -1. Does 11 divide ((-6)/9)/((-3)/r)?
True
Let x be 2/(-4)*(0/(-8) + -10). Suppose -3*d + 5*u = -56, x*d - 2*u - 31 - 56 = 0. Does 2 divide d?
False
Let p be (27/18)/(1/74). Let i = -49 + p. Let y = i - 39. Is y a multiple of 11?
False
Suppose -u + 17 = -v, 3*u + 4*v - 18 = 12. Let s = -1 + 1. Suppose 2*l = -s*l + u. Is l even?
False
Suppose -4*l - 671 = 253. Let q = l - -471. Does 15 divide q?
True
Is (-13 - -12)*(-1420)/5 a multiple of 19?
False
Suppose 0 = -5*q + 5*a + 625, 0 = 4*q - a - 105 - 410. Does 13 divide q?
True
Suppose 14*q - 9*q - 245 = 0. Suppose 2*k - q = -5*v + k, k = 5*v - 41. Does 18 divide 45/4*24/v?
False
Suppose -7 = -2*g - 1. Let q(y) = 7 - 3 + y - y**2 + g*y**2. Is 10 a factor of q(-3)?
False
Let y(l) be the second derivative of 19*l**6/60 + l**4/24 + l**2 + 5*l. Let s(d) be the first derivative of y(d). Is 14 a factor of s(1)?
False
Suppose -2*p + 2*m - 12 = 0, 36 = -4*p - 5*m + 6*m. Let f = p - -61. Does 15 divide f?
False
Let j be (-4 + (6 - 3))*-7. Suppose j*g - 2*g - 345 = 0. Is 23 a factor of g?
True
Let h(k) = k**3 - 11*k**2 + 11*k + 41. Is 87 a factor of h(13)?
True
Suppose 16*p = 5682 + 494. Is p a multiple of 6?
False
Suppose -l = 5*c - 22 - 8, -3*l = 4*c - 35. Suppose l*g + 1158 = -5342. Is 5 a factor of (-6)/51 + g/(-68)?
False
Let c(s) = s**3 + 7*s**2 - 28*s - 10. Let p be c(-9). Suppose -64 - p = -4*q. Is 6 a factor of q?
True
Let w = -25 - -25. Let c = -2 - 0. Is 1 + c - (w - 12) a multiple of 11?
True
Let c be 216/32 - 1/(-4). Suppose s + 14 = -s - 5*b, -3*s + 5*b = -29. Suppose -s*n - 192 = -c*n. Is 27 a factor of n?
False
Is 4 + (-49)/7 - -1770 a multiple of 93?
True
Suppose 3*q + 9 = 0, -2*k + 3*q + 9725 = 3680. Does 36 divide k?
False
Let g = 58 + -50. Let h(s) = s**2 - 2*s. Does 5 divide h(g)?
False
Does 34 divide 6/(-16) - (-68571)/72?
True
Let s(y) = 2*y**3 - 3*y**2 + y - 2. Let j be s(2). Suppose 0 = k + 3*z - 0*z - 10, 3*k = -j*z + 20. Is k/18 - (-170)/45 a multiple of 2?
True
Let x = 94 - 19. Let q = x + -61. Does 14 divide q?
True
Let x be (17 + -1)*1 + (-26)/13. Let d(u) = u**3 - 14*u**2 + u + 9. Is 5 a factor of d(x)?
False
Let n be 0/4 - 3*-8. Let w = n + -27. Is 6 a factor of (108/20)/(w/(-10))?
True
Let g = 16 - 23. Let b(c) = -c**3 - 4*c**2 + 6*c - 7. Does 7 divide b(g)?
True
Suppose -2*q + 1496 = 2*b, 9*q - b - 1484 = 7*q. Does 8 divide q?
True
Suppose -175 = -5*a + 2*g - 2, 4*a - 142 = -2*g. Let d = -3 + a. Is 16 a factor of d?
True
Suppose -2*a + b = 20 - 78, 2*a = -2*b + 52. Suppose -3*u + 10*l - 13*l = -66, -u + 5*l = -a. Is u a multiple of 14?
False
Let s = 72 + -68. Suppose -5*l + b + 737 = 3*b, -3*l - s*b = -445. Is l a multiple of 17?
False
Let s = 125 - -76. Is s a multiple of 13?
False
Let m(b) = 19*b**2 + 12*b - 108. Does 49 divide m(-10)?
False
Let i = 5 + -13. Let c = i - -8. Suppose w + c*w = -t + 11, -5*w + 37 = -4*t. Does 9 divide w?
True
Let m be (0 - -3 - 0)/(15/10). Suppose -114 = -5*q - 0*y - m*y, y + 51 = 2*q. Does 4 divide q?
True
Let t(s) = -s**3 - 6*s**2 - 7*s - 4. Let i be t(-6). Let u be -2 + 4 - (-2 - -3). Suppose 20 = p - 3*d - u, 4*d + i = 3*p. Is 3 a factor of p?
True
Let i(h) = -h**3 - 2*h**2 - 2*h + 6. Let s be i(-5). Suppose 2*o - b = -s, 4*b - b = o + 58. Let a = 63 + o. Is a a multiple of 18?
False
Suppose 0 = -4*m + g + 18, -7 = 3*m + 2*g - 26. Let q(z) = -z**2 + 4*z + 3. Let k be q(m). Is 5 a factor of (54/12)/(k/(-4))?
False
Let u = 1 - -43. Let y = u - 33. Is 11 a factor of y?
True
Let h be (-2)/5 + 3536/40. Let y = 123 - h. Is 7 a factor of y?
True
Suppose -99 = 2*y - 5*d - 21, 117 = -3*y - d. Let m = -89 - y. Let j = m + 111. Does 21 divide j?
False
Let i be 2 + 2 - 0/(-3). Let c = -177 - -177. Suppose -2*o - 2*r = -30, i*o = -c*r + 5*r + 42. Does 13 divide o?
True
Let l(u) = -2*u**3 - 3*u**2 - 3*u - 1. Suppose 2*s = 5*j - 14, 0 = 4*s - j - 0*j + 10. Is 2 a factor of l(s)?
False
Let s(j) = -j**3 + 33*j**2 + 81*j - 51. Is 7 a factor of s(35)?
False
Let l(u) = 2*u**2 - 9*u + 5. Let j be l(7). Let f = j - 31. Is f a multiple of 9?
True
Suppose -5*m - 4*x + 2394 = 0, 5*m - 5*x + x - 2426 = 0. Is m a multiple of 39?
False
Let f = 0 - -14. Let i be 8*-2*(-2 + (-27)/(-12)). Is i/14 + 1684/f a multiple of 27?
False
Let t = 2017 - 1431. Suppose 2*g - 8 = 0, 5*g = -5*x + 6*g + t. Is x a multiple of 59?
True
Let c(b) = -89*b - 1308. Is 18 a factor of c(-61)?
False
Suppose -29*m - 4 = -30*m. Suppose -2*i - 3*i = s - 206, -m*s +